{"id":11834,"date":"2015-07-18T15:32:49","date_gmt":"2015-07-18T15:32:49","guid":{"rendered":"http:\/\/www.karatecham.ch\/shotokan_karate_schule_cham_zug\/?page_id=11834"},"modified":"2021-08-25T22:47:56","modified_gmt":"2021-08-25T20:47:56","slug":"shotokan-karate","status":"publish","type":"page","link":"https:\/\/www.karatecham.ch\/shotokan_karate_schule_cham_zug\/shotokan-karate\/","title":{"rendered":"Karate"},"content":{"rendered":"<p><div class=\"fusion-bg-parallax\" data-bg-align=\"center center\" data-direction=\"down\" data-mute=\"false\" data-opacity=\"100\" data-velocity=\"-0.3\" data-mobile-enabled=\"true\" data-break_parents=\"0\" data-bg-image=\"https:\/\/www.karatecham.ch\/shotokan_karate_schule_cham_zug\/wp-content\/uploads\/2015\/06\/Shokotan_609.jpg\" data-bg-repeat=\"false\" ><\/div><div class=\"fusion-fullwidth fullwidth-box fusion-builder-row-1 fusion-parallax-down nonhundred-percent-fullwidth non-hundred-percent-height-scrolling lazyload\" style=\"--awb-border-sizes-top:0px;--awb-border-sizes-bottom:0px;--awb-border-sizes-left:0px;--awb-border-sizes-right:0px;--awb-border-radius-top-left:0px;--awb-border-radius-top-right:0px;--awb-border-radius-bottom-right:0px;--awb-border-radius-bottom-left:0px;--awb-padding-top:500px;--awb-padding-right:0px;--awb-padding-bottom:200px;--awb-padding-left:0px;--awb-background-size:cover;--awb-flex-wrap:wrap;\" data-bg=\"https:\/\/www.karatecham.ch\/shotokan_karate_schule_cham_zug\/wp-content\/uploads\/2015\/06\/Shokotan_609.jpg\" ><div class=\"fusion-builder-row fusion-row\"><\/div><\/div><div class=\"fusion-fullwidth fullwidth-box fusion-builder-row-2 fusion-flex-container nonhundred-percent-fullwidth non-hundred-percent-height-scrolling\" style=\"--awb-background-position:left top;--awb-border-sizes-top:0px;--awb-border-sizes-bottom:0px;--awb-border-sizes-left:0px;--awb-border-sizes-right:0px;--awb-border-radius-top-left:0px;--awb-border-radius-top-right:0px;--awb-border-radius-bottom-right:0px;--awb-border-radius-bottom-left:0px;--awb-padding-top:50px;--awb-padding-right:0px;--awb-padding-bottom:50px;--awb-padding-left:0px;--awb-flex-wrap:wrap;\" ><div class=\"fusion-builder-row fusion-row fusion-flex-align-items-flex-start fusion-flex-content-wrap\" style=\"max-width:calc( 1200px + 0px );margin-left: calc(-0px \/ 2 );margin-right: calc(-0px \/ 2 );\"><div class=\"fusion-layout-column fusion_builder_column fusion-builder-column-0 fusion_builder_column_1_1 1_1 fusion-flex-column\" style=\"--awb-padding-top:30px;--awb-padding-right:30px;--awb-padding-bottom:30px;--awb-padding-left:30px;--awb-bg-size:cover;--awb-width-large:100%;--awb-margin-top-large:0px;--awb-spacing-right-large:0px;--awb-margin-bottom-large:0px;--awb-spacing-left-large:0px;--awb-width-medium:100%;--awb-spacing-right-medium:0px;--awb-spacing-left-medium:0px;--awb-width-small:100%;--awb-spacing-right-small:0px;--awb-spacing-left-small:0px;\"><div class=\"fusion-column-wrapper fusion-flex-justify-content-flex-start fusion-content-layout-column\"><div class=\"fusion-title title fusion-title-1 fusion-sep-none fusion-title-text fusion-title-size-one\" style=\"--awb-margin-top-small:0px;--awb-margin-right-small:0px;--awb-margin-bottom-small:20px;--awb-margin-left-small:0px;\"><h1 class=\"fusion-title-heading title-heading-left\" style=\"margin:0;\">Shotokan-Karate<\/h1><\/div><div class=\"fusion-text fusion-text-1\"><p style=\"text-align: justify;\">Shotokan-Karate ist ein traditioneller Stil der japanischen Kampfkunst. Es umfasst die drei Bewegungsformen Kihon, Kata und Kumite.<\/p>\n<p style=\"text-align: justify;\">\nIm Kihon werden die grundlegenden Bewegungen des Karate gelernt und perfektioniert, die im Kata und Kumite angewandt werden. Kata sind kurze, schnell ausgef\u00fchrte und klar definierte Bewegungsabl\u00e4ufe. Kumite sind Partner\u00fcbungen und werden nach dem Prinzip \u00adAngriff \u2013 Abwehr \u2013 Gegenangriff ausgef\u00fchrt.<\/p>\n<p style=\"text-align: justify;\">Karate f\u00f6rdert und verbessert Ausdauer, Beweglichkeit, Konzentration und Motorik und st\u00e4rkt das Selbstvertrauen. Man lernt mit Aggressionen friedfertig umzugehen, entwickelt ein positives K\u00f6rperbewusstsein und die Pers\u00f6nlichkeit.<\/p>\n<\/div><\/div><\/div><\/div><\/div><div class=\"fusion-fullwidth fullwidth-box fusion-builder-row-3 fusion-parallax-fixed nonhundred-percent-fullwidth non-hundred-percent-height-scrolling lazyload\" style=\"--awb-border-sizes-top:0px;--awb-border-sizes-bottom:0px;--awb-border-sizes-left:0px;--awb-border-sizes-right:0px;--awb-border-radius-top-left:0px;--awb-border-radius-top-right:0px;--awb-border-radius-bottom-right:0px;--awb-border-radius-bottom-left:0px;--awb-padding-top:50px;--awb-padding-right:0px;--awb-padding-bottom:50px;--awb-padding-left:0px;--awb-background-size:cover;--awb-flex-wrap:wrap;background-attachment:fixed;\" data-bg=\"https:\/\/www.karatecham.ch\/shotokan_karate_schule_cham_zug\/wp-content\/uploads\/2015\/07\/Background_1.jpg\" ><div class=\"fusion-builder-row fusion-row\"><div class=\"fusion-layout-column fusion_builder_column fusion-builder-column-1 fusion_builder_column_1_2 1_2 fusion-one-half fusion-column-first\" style=\"--awb-bg-size:cover;width:48%; margin-right: 4%;\"><div class=\"fusion-column-wrapper fusion-flex-column-wrapper-legacy\"><div class=\"fusion-clearfix\"><\/div><\/div><\/div><div class=\"fusion-layout-column fusion_builder_column fusion-builder-column-2 fusion_builder_column_1_2 1_2 fusion-one-half fusion-column-last fusion-animated\" style=\"--awb-padding-top:30px;--awb-padding-right:30px;--awb-padding-bottom:30px;--awb-padding-left:30px;--awb-bg-color:#ffffff;--awb-bg-color-hover:#ffffff;--awb-bg-size:cover;--awb-margin-bottom:0px;width:48%;\" data-animationType=\"slideInUp\" data-animationDuration=\"0.8\" data-animationOffset=\"top-into-view\"><div class=\"fusion-column-wrapper fusion-column-has-shadow fusion-flex-column-wrapper-legacy\"><div class=\"fusion-column-content-centered\"><div class=\"fusion-column-content\"><div class=\"fusion-title title fusion-title-2 fusion-sep-none fusion-title-text fusion-title-size-one\" style=\"--awb-margin-top-small:0px;--awb-margin-right-small:0px;--awb-margin-bottom-small:20px;--awb-margin-left-small:0px;\"><h1 class=\"fusion-title-heading title-heading-left\" style=\"margin:0;\">Der Karate-Gi<\/h1><\/div><div class=\"fusion-text fusion-text-2\"><p style=\"text-align: justify;\">Der Trainingsanzug heisst Gi und ist weiss. Er besteht aus Hosen und einem Oberteil, das mit einem Gurt zusammengebunden wird.<\/p>\n<p style=\"text-align: justify;\">Im Gi sind alle gleich, es z\u00e4hlt nur, wie weit jemand sein K\u00f6nnen entwickelt hat. Dies sieht man an der Farbe des Gurts. Je nach Beherrschen der in Kihon, Kata und Kumite gelernten Techniken kann man eine Pr\u00fcfung machen und einen n\u00e4chst h\u00f6heren Gurt erlangen.<\/p>\n<p style=\"text-align: justify;\">Die h\u00f6chste Gurtfarbe ist schwarz, im Karate heisst er Dan. Mit dem schwarzen Gurt ist man ein Karateprofi und steht am Anfang seiner Karriere. Mit Ausdauer und kontinuierlichem Training kann man sich laufend verbessern und weiterentwickeln.<\/p>\n<\/div><\/div><\/div><div class=\"fusion-clearfix\"><\/div><\/div><\/div><\/div><\/div><div class=\"fusion-fullwidth fullwidth-box fusion-builder-row-4 fusion-flex-container nonhundred-percent-fullwidth non-hundred-percent-height-scrolling\" style=\"--awb-background-position:left top;--awb-border-sizes-top:0px;--awb-border-sizes-bottom:0px;--awb-border-sizes-left:0px;--awb-border-sizes-right:0px;--awb-border-radius-top-left:0px;--awb-border-radius-top-right:0px;--awb-border-radius-bottom-right:0px;--awb-border-radius-bottom-left:0px;--awb-padding-top:100px;--awb-padding-right:0px;--awb-padding-bottom:100px;--awb-padding-left:0px;--awb-flex-wrap:wrap;\" ><div class=\"fusion-builder-row fusion-row fusion-flex-align-items-flex-start fusion-flex-content-wrap\" style=\"max-width:calc( 1200px + 0px );margin-left: calc(-0px \/ 2 );margin-right: calc(-0px \/ 2 );\"><div class=\"fusion-layout-column fusion_builder_column fusion-builder-column-3 fusion_builder_column_1_1 1_1 fusion-flex-column fusion-flex-align-self-flex-start fusion-column-no-min-height\" style=\"--awb-padding-top:30px;--awb-padding-right:30px;--awb-padding-bottom:30px;--awb-padding-left:30px;--awb-bg-size:cover;--awb-width-large:100%;--awb-margin-top-large:0px;--awb-spacing-right-large:0px;--awb-margin-bottom-large:0px;--awb-spacing-left-large:0px;--awb-width-medium:100%;--awb-spacing-right-medium:0px;--awb-spacing-left-medium:0px;--awb-width-small:100%;--awb-spacing-right-small:0px;--awb-spacing-left-small:0px;\"><div class=\"fusion-column-wrapper fusion-flex-justify-content-flex-start fusion-content-layout-column\"><div class=\"fusion-title title fusion-title-3 fusion-sep-none fusion-title-text fusion-title-size-one\" style=\"--awb-margin-top-small:0px;--awb-margin-right-small:0px;--awb-margin-bottom-small:20px;--awb-margin-left-small:0px;\"><h1 class=\"fusion-title-heading title-heading-left\" style=\"margin:0;\">Wettk\u00e4mpfe<\/h1><\/div><div class=\"fusion-text fusion-text-3\"><p style=\"text-align: justify;\">Sich messen mit anderen, siegen und verlieren geh\u00f6rt zum Sport. Neben den regul\u00e4ren Trainings in unserem Dojo ([\u00bbdo\u02d8dZo], das Trainingslokal) organisieren wir immer wieder Trainings und Wettk\u00e4mpfe innerhalb unseres Verbands, der JKS.<\/p>\n<\/div><\/div><\/div><\/div><\/div><div class=\"fusion-fullwidth fullwidth-box fusion-builder-row-5 faded-background fusion-parallax-fixed nonhundred-percent-fullwidth non-hundred-percent-height-scrolling lazyload\" style=\"--awb-background-position:center top;--awb-border-sizes-top:0px;--awb-border-sizes-bottom:0px;--awb-border-sizes-left:0px;--awb-border-sizes-right:0px;--awb-border-radius-top-left:0px;--awb-border-radius-top-right:0px;--awb-border-radius-bottom-right:0px;--awb-border-radius-bottom-left:0px;--awb-padding-top:50px;--awb-padding-right:0px;--awb-padding-bottom:50px;--awb-padding-left:0px;--awb-background-size:cover;--awb-flex-wrap:wrap;background-attachment:fixed;\" data-bg=\"https:\/\/www.karatecham.ch\/shotokan_karate_schule_cham_zug\/wp-content\/uploads\/2015\/07\/Dojokun2.png\" ><div class=\"fullwidth-faded lazyload\" style=\"--awb-background-position:center top;--awb-background-parallax:fixed;--awb-background-size:cover;\" data-bg=\"https:\/\/www.karatecham.ch\/shotokan_karate_schule_cham_zug\/wp-content\/uploads\/2015\/07\/Dojokun2.png\" ><\/div><div class=\"fusion-builder-row fusion-row\"><div class=\"fusion-layout-column fusion_builder_column fusion-builder-column-4 fusion_builder_column_1_2 1_2 fusion-one-half fusion-column-first\" style=\"--awb-padding-top:30px;--awb-padding-right:30px;--awb-padding-bottom:30px;--awb-padding-left:30px;--awb-bg-color:#ffffff;--awb-bg-color-hover:#ffffff;--awb-bg-size:cover;--awb-margin-bottom:0px;width:48%; margin-right: 4%;\"><div class=\"fusion-column-wrapper fusion-flex-column-wrapper-legacy\"><div class=\"fusion-title title fusion-title-4 fusion-sep-none fusion-title-text fusion-title-size-one\" style=\"--awb-margin-top-small:0px;--awb-margin-right-small:0px;--awb-margin-bottom-small:20px;--awb-margin-left-small:0px;\"><h1 class=\"fusion-title-heading title-heading-left\" style=\"margin:0;\">Dojo-Kun \u9053\u5834\u8a13<\/h1><\/div><div class=\"fusion-text fusion-text-4\"><p><span lang=\"ja\" xml:lang=\"ja\">\u4e00\u3001<\/span>\u4eba\u683c \u5b8c\u6210\u306b \u52aa\u3081\u308b \u3053\u3068<\/p>\n<p><strong>Hitotsu! Jinkaku kansei ni tsutomeru koto!<\/strong><br \/>\nBeachte! Bem\u00fche dich deinen Charakter zu Bilden!<\/p>\n<p><span lang=\"ja\" xml:lang=\"ja\">\u4e00\u3001<\/span>\u8aa0\u306e\u9053\u3092\u5b88\u308b\u3053\u3068<\/p>\n<p><strong>Hitotsu! Makoto no michi o mamoru koto!<\/strong><br \/>\nBeachte! Gehe den Weg der Gerechtigkeit!<\/p>\n<p><span lang=\"ja\" xml:lang=\"ja\">\u4e00\u3001<\/span>\u52aa\u529b\u306e\u7cbe\u795e\u3092\u990a\u3046\u3053\u3068<\/p>\n<p><strong>Hitotsu! Doryoku no seishin o yashinau koto!<\/strong><br \/>\nBeachte! \u00dcbe mit Ausdauer, damit Du Deine Ziele erreichst!<\/p>\n<p><span lang=\"ja\" xml:lang=\"ja\">\u4e00\u3001<\/span>\u793c\u5100\u3092\u91cd\u3093\u305a\u308b\u3053\u3068<\/p>\n<p><strong>Hitotsu! Regi o omunzuru koto!<\/strong><br \/>\nBeachte! Sei bescheiden, hilfsbereit und anst\u00e4ndig!<\/p>\n<p><span lang=\"ja\" xml:lang=\"ja\">\u4e00\u3001<\/span>\u8840\u6c17\u306e\u52c7\u3092\u6212\u3080\u308b\u3053\u3068<\/p>\n<p><strong>Hitotsu! Kekki no y\u00fb o imashimuro koto!<\/strong><br \/>\nBeachte! Bem\u00fche dich in allem angemessen zu handeln!<\/p>\n<\/div><div class=\"fusion-clearfix\"><\/div><\/div><\/div><div class=\"fusion-layout-column fusion_builder_column fusion-builder-column-5 fusion_builder_column_1_4 1_4 fusion-one-fourth\" style=\"--awb-bg-size:cover;width:22%; margin-right: 4%;\"><div class=\"fusion-column-wrapper fusion-flex-column-wrapper-legacy\"><div class=\"fusion-clearfix\"><\/div><\/div><\/div><\/div><\/div><\/p>\n","protected":false},"excerpt":{"rendered":"","protected":false},"author":2,"featured_media":0,"parent":0,"menu_order":0,"comment_status":"open","ping_status":"open","template":"","meta":{"footnotes":""},"class_list":["post-11834","page","type-page","status-publish","hentry"],"_links":{"self":[{"href":"https:\/\/www.karatecham.ch\/shotokan_karate_schule_cham_zug\/wp-json\/wp\/v2\/pages\/11834","targetHints":{"allow":["GET"]}}],"collection":[{"href":"https:\/\/www.karatecham.ch\/shotokan_karate_schule_cham_zug\/wp-json\/wp\/v2\/pages"}],"about":[{"href":"https:\/\/www.karatecham.ch\/shotokan_karate_schule_cham_zug\/wp-json\/wp\/v2\/types\/page"}],"author":[{"embeddable":true,"href":"https:\/\/www.karatecham.ch\/shotokan_karate_schule_cham_zug\/wp-json\/wp\/v2\/users\/2"}],"replies":[{"embeddable":true,"href":"https:\/\/www.karatecham.ch\/shotokan_karate_schule_cham_zug\/wp-json\/wp\/v2\/comments?post=11834"}],"version-history":[{"count":64,"href":"https:\/\/www.karatecham.ch\/shotokan_karate_schule_cham_zug\/wp-json\/wp\/v2\/pages\/11834\/revisions"}],"predecessor-version":[{"id":31587,"href":"https:\/\/www.karatecham.ch\/shotokan_karate_schule_cham_zug\/wp-json\/wp\/v2\/pages\/11834\/revisions\/31587"}],"wp:attachment":[{"href":"https:\/\/www.karatecham.ch\/shotokan_karate_schule_cham_zug\/wp-json\/wp\/v2\/media?parent=11834"}],"curies":[{"name":"wp","href":"https:\/\/api.w.org\/{rel}","templated":true}]}}